{"id":5448,"date":"2023-11-20T12:23:01","date_gmt":"2023-11-20T12:23:01","guid":{"rendered":"https:\/\/aloeste.com.br\/2023\/?page_id=5448"},"modified":"2023-11-20T12:31:38","modified_gmt":"2023-11-20T12:31:38","slug":"clientes","status":"publish","type":"page","link":"https:\/\/aloeste.com.br\/2023\/clientes\/","title":{"rendered":"Nossos Clientes"},"content":{"rendered":"\t\t<div data-elementor-type=\"wp-page\" data-elementor-id=\"5448\" class=\"elementor elementor-5448\">\n\t\t\t\t\t\t<section class=\"elementor-section elementor-top-section elementor-element elementor-element-6ec6f9c elementor-section-boxed elementor-section-height-default elementor-section-height-default\" data-id=\"6ec6f9c\" data-element_type=\"section\" data-e-type=\"section\">\n\t\t\t\t\t\t<div class=\"elementor-container elementor-column-gap-default\">\n\t\t\t\t\t<div class=\"elementor-column elementor-col-100 elementor-top-column elementor-element elementor-element-785c560\" data-id=\"785c560\" data-element_type=\"column\" data-e-type=\"column\">\n\t\t\t<div class=\"elementor-widget-wrap\">\n\t\t\t\t\t\t\t<\/div>\n\t\t<\/div>\n\t\t\t\t\t<\/div>\n\t\t<\/section>\n\t\t\t\t<section class=\"elementor-section elementor-top-section elementor-element elementor-element-e6726d8 elementor-section-boxed elementor-section-height-default elementor-section-height-default\" data-id=\"e6726d8\" data-element_type=\"section\" data-e-type=\"section\">\n\t\t\t\t\t\t<div class=\"elementor-container elementor-column-gap-default\">\n\t\t\t\t\t<div class=\"elementor-column elementor-col-100 elementor-top-column elementor-element elementor-element-9b19c10\" data-id=\"9b19c10\" data-element_type=\"column\" data-e-type=\"column\">\n\t\t\t<div class=\"elementor-widget-wrap elementor-element-populated\">\n\t\t\t\t\t\t<div class=\"elementor-element elementor-element-a2fbd41 elementor-widget elementor-widget-spacer\" data-id=\"a2fbd41\" data-element_type=\"widget\" data-e-type=\"widget\" data-widget_type=\"spacer.default\">\n\t\t\t\t<div class=\"elementor-widget-container\">\n\t\t\t\t\t\t\t<div class=\"elementor-spacer\">\n\t\t\t<div class=\"elementor-spacer-inner\"><\/div>\n\t\t<\/div>\n\t\t\t\t\t\t<\/div>\n\t\t\t\t<\/div>\n\t\t\t\t<section class=\"elementor-section elementor-inner-section elementor-element elementor-element-87cbb58 elementor-section-boxed elementor-section-height-default elementor-section-height-default\" data-id=\"87cbb58\" data-element_type=\"section\" data-e-type=\"section\">\n\t\t\t\t\t\t<div class=\"elementor-container elementor-column-gap-extended\">\n\t\t\t\t\t<div class=\"elementor-column elementor-col-100 elementor-inner-column elementor-element elementor-element-4dc70d2\" data-id=\"4dc70d2\" data-element_type=\"column\" data-e-type=\"column\">\n\t\t\t<div class=\"elementor-widget-wrap elementor-element-populated\">\n\t\t\t\t\t\t<div class=\"elementor-element elementor-element-89dbc85 align-left elementor-widget elementor-widget-mae-headings\" data-id=\"89dbc85\" data-element_type=\"widget\" data-e-type=\"widget\" data-widget_type=\"mae-headings.default\">\n\t\t\t\t<div class=\"elementor-widget-container\">\n\t\t\t\t\t\t\t<div class=\"master-heading\">\n\t        \n\t        \t        <h2 class=\"main-heading\">Nossos clientes<\/h2>\n\t        \n\t        \t        <div class=\"divider\"><\/div>\n\t        \n\t        \t    <\/div>\n\t    \t\t\t\t<\/div>\n\t\t\t\t<\/div>\n\t\t\t\t<div class=\"elementor-element elementor-element-3229c4f elementor-widget elementor-widget-text-editor\" data-id=\"3229c4f\" data-element_type=\"widget\" data-e-type=\"widget\" data-widget_type=\"text-editor.default\">\n\t\t\t\t<div class=\"elementor-widget-container\">\n\t\t\t\t\t\t\t\t\t<p>Bem-vindo \u00e0 se\u00e7\u00e3o de Clientes da Panelas JR, onde compartilhamos o prazer de vender produtos de qualidade. Convidamos voc\u00ea a conhecer as Panelas JR e experimentar a satisfa\u00e7\u00e3o de oferecer produtos excepcionais aos seus clientes.<\/p>\t\t\t\t\t\t\t\t<\/div>\n\t\t\t\t<\/div>\n\t\t\t\t\t<\/div>\n\t\t<\/div>\n\t\t\t\t\t<\/div>\n\t\t<\/section>\n\t\t\t\t<div class=\"elementor-element elementor-element-532e2d3 elementor-widget elementor-widget-image-gallery\" data-id=\"532e2d3\" data-element_type=\"widget\" data-e-type=\"widget\" data-widget_type=\"image-gallery.default\">\n\t\t\t\t<div class=\"elementor-widget-container\">\n\t\t\t\t\t\t\t<div class=\"elementor-image-gallery\">\n\t\t\t<div id='gallery-1' class='gallery galleryid-5448 gallery-columns-3 gallery-size-large'><figure class='gallery-item'>\n\t\t\t<div class='gallery-icon landscape'>\n\t\t\t\t<img fetchpriority=\"high\" decoding=\"async\" width=\"1000\" height=\"651\" src=\"https:\/\/aloeste.com.br\/2023\/wp-content\/uploads\/2023\/11\/Clientes1A.png\" class=\"attachment-large size-large\" alt=\"\" srcset=\"https:\/\/aloeste.com.br\/2023\/wp-content\/uploads\/2023\/11\/Clientes1A.png 1000w, https:\/\/aloeste.com.br\/2023\/wp-content\/uploads\/2023\/11\/Clientes1A-300x195.png 300w, https:\/\/aloeste.com.br\/2023\/wp-content\/uploads\/2023\/11\/Clientes1A-768x500.png 768w\" sizes=\"(max-width: 1000px) 100vw, 1000px\" \/>\n\t\t\t<\/div><\/figure><figure class='gallery-item'>\n\t\t\t<div class='gallery-icon landscape'>\n\t\t\t\t<img decoding=\"async\" width=\"1001\" height=\"651\" src=\"https:\/\/aloeste.com.br\/2023\/wp-content\/uploads\/2023\/11\/Clientes2A.png\" class=\"attachment-large size-large\" alt=\"\" srcset=\"https:\/\/aloeste.com.br\/2023\/wp-content\/uploads\/2023\/11\/Clientes2A.png 1001w, https:\/\/aloeste.com.br\/2023\/wp-content\/uploads\/2023\/11\/Clientes2A-300x195.png 300w, https:\/\/aloeste.com.br\/2023\/wp-content\/uploads\/2023\/11\/Clientes2A-768x499.png 768w\" sizes=\"(max-width: 1001px) 100vw, 1001px\" \/>\n\t\t\t<\/div><\/figure><figure class='gallery-item'>\n\t\t\t<div class='gallery-icon landscape'>\n\t\t\t\t<img decoding=\"async\" width=\"1001\" height=\"651\" src=\"https:\/\/aloeste.com.br\/2023\/wp-content\/uploads\/2023\/11\/Clientes3A.png\" class=\"attachment-large size-large\" alt=\"\" srcset=\"https:\/\/aloeste.com.br\/2023\/wp-content\/uploads\/2023\/11\/Clientes3A.png 1001w, https:\/\/aloeste.com.br\/2023\/wp-content\/uploads\/2023\/11\/Clientes3A-300x195.png 300w, https:\/\/aloeste.com.br\/2023\/wp-content\/uploads\/2023\/11\/Clientes3A-768x499.png 768w\" sizes=\"(max-width: 1001px) 100vw, 1001px\" \/>\n\t\t\t<\/div><\/figure><figure class='gallery-item'>\n\t\t\t<div class='gallery-icon landscape'>\n\t\t\t\t<img loading=\"lazy\" decoding=\"async\" width=\"1001\" height=\"651\" src=\"https:\/\/aloeste.com.br\/2023\/wp-content\/uploads\/2023\/11\/Clientes4A.png\" class=\"attachment-large size-large\" alt=\"\" srcset=\"https:\/\/aloeste.com.br\/2023\/wp-content\/uploads\/2023\/11\/Clientes4A.png 1001w, https:\/\/aloeste.com.br\/2023\/wp-content\/uploads\/2023\/11\/Clientes4A-300x195.png 300w, https:\/\/aloeste.com.br\/2023\/wp-content\/uploads\/2023\/11\/Clientes4A-768x499.png 768w\" sizes=\"(max-width: 1001px) 100vw, 1001px\" \/>\n\t\t\t<\/div><\/figure><figure class='gallery-item'>\n\t\t\t<div class='gallery-icon landscape'>\n\t\t\t\t<img loading=\"lazy\" decoding=\"async\" width=\"1001\" height=\"651\" src=\"https:\/\/aloeste.com.br\/2023\/wp-content\/uploads\/2023\/11\/Clientes5A.png\" class=\"attachment-large size-large\" alt=\"\" srcset=\"https:\/\/aloeste.com.br\/2023\/wp-content\/uploads\/2023\/11\/Clientes5A.png 1001w, https:\/\/aloeste.com.br\/2023\/wp-content\/uploads\/2023\/11\/Clientes5A-300x195.png 300w, https:\/\/aloeste.com.br\/2023\/wp-content\/uploads\/2023\/11\/Clientes5A-768x499.png 768w\" sizes=\"(max-width: 1001px) 100vw, 1001px\" \/>\n\t\t\t<\/div><\/figure><figure class='gallery-item'>\n\t\t\t<div class='gallery-icon landscape'>\n\t\t\t\t<img loading=\"lazy\" decoding=\"async\" width=\"1001\" height=\"651\" src=\"https:\/\/aloeste.com.br\/2023\/wp-content\/uploads\/2023\/11\/Clientes6A.png\" class=\"attachment-large size-large\" alt=\"\" srcset=\"https:\/\/aloeste.com.br\/2023\/wp-content\/uploads\/2023\/11\/Clientes6A.png 1001w, https:\/\/aloeste.com.br\/2023\/wp-content\/uploads\/2023\/11\/Clientes6A-300x195.png 300w, https:\/\/aloeste.com.br\/2023\/wp-content\/uploads\/2023\/11\/Clientes6A-768x499.png 768w\" sizes=\"(max-width: 1001px) 100vw, 1001px\" \/>\n\t\t\t<\/div><\/figure><figure class='gallery-item'>\n\t\t\t<div class='gallery-icon landscape'>\n\t\t\t\t<img loading=\"lazy\" decoding=\"async\" width=\"1001\" height=\"651\" src=\"https:\/\/aloeste.com.br\/2023\/wp-content\/uploads\/2023\/11\/Clientes7A.png\" class=\"attachment-large size-large\" alt=\"\" srcset=\"https:\/\/aloeste.com.br\/2023\/wp-content\/uploads\/2023\/11\/Clientes7A.png 1001w, https:\/\/aloeste.com.br\/2023\/wp-content\/uploads\/2023\/11\/Clientes7A-300x195.png 300w, https:\/\/aloeste.com.br\/2023\/wp-content\/uploads\/2023\/11\/Clientes7A-768x499.png 768w\" sizes=\"(max-width: 1001px) 100vw, 1001px\" \/>\n\t\t\t<\/div><\/figure><figure class='gallery-item'>\n\t\t\t<div class='gallery-icon landscape'>\n\t\t\t\t<img loading=\"lazy\" decoding=\"async\" width=\"1001\" height=\"651\" src=\"https:\/\/aloeste.com.br\/2023\/wp-content\/uploads\/2023\/11\/Clientes8A.png\" class=\"attachment-large size-large\" alt=\"\" srcset=\"https:\/\/aloeste.com.br\/2023\/wp-content\/uploads\/2023\/11\/Clientes8A.png 1001w, https:\/\/aloeste.com.br\/2023\/wp-content\/uploads\/2023\/11\/Clientes8A-300x195.png 300w, https:\/\/aloeste.com.br\/2023\/wp-content\/uploads\/2023\/11\/Clientes8A-768x499.png 768w\" sizes=\"(max-width: 1001px) 100vw, 1001px\" \/>\n\t\t\t<\/div><\/figure><figure class='gallery-item'>\n\t\t\t<div class='gallery-icon landscape'>\n\t\t\t\t<img loading=\"lazy\" decoding=\"async\" width=\"1001\" height=\"651\" src=\"https:\/\/aloeste.com.br\/2023\/wp-content\/uploads\/2023\/11\/Clientes9A.png\" class=\"attachment-large size-large\" alt=\"\" srcset=\"https:\/\/aloeste.com.br\/2023\/wp-content\/uploads\/2023\/11\/Clientes9A.png 1001w, https:\/\/aloeste.com.br\/2023\/wp-content\/uploads\/2023\/11\/Clientes9A-300x195.png 300w, https:\/\/aloeste.com.br\/2023\/wp-content\/uploads\/2023\/11\/Clientes9A-768x499.png 768w\" sizes=\"(max-width: 1001px) 100vw, 1001px\" \/>\n\t\t\t<\/div><\/figure><figure class='gallery-item'>\n\t\t\t<div class='gallery-icon landscape'>\n\t\t\t\t<img loading=\"lazy\" decoding=\"async\" width=\"1001\" height=\"650\" src=\"https:\/\/aloeste.com.br\/2023\/wp-content\/uploads\/2023\/11\/Clientes10A.png\" class=\"attachment-large size-large\" alt=\"\" srcset=\"https:\/\/aloeste.com.br\/2023\/wp-content\/uploads\/2023\/11\/Clientes10A.png 1001w, https:\/\/aloeste.com.br\/2023\/wp-content\/uploads\/2023\/11\/Clientes10A-300x195.png 300w, https:\/\/aloeste.com.br\/2023\/wp-content\/uploads\/2023\/11\/Clientes10A-768x499.png 768w\" sizes=\"(max-width: 1001px) 100vw, 1001px\" \/>\n\t\t\t<\/div><\/figure><figure class='gallery-item'>\n\t\t\t<div class='gallery-icon landscape'>\n\t\t\t\t<img loading=\"lazy\" decoding=\"async\" width=\"1001\" height=\"651\" src=\"https:\/\/aloeste.com.br\/2023\/wp-content\/uploads\/2023\/11\/Clientes11A.png\" class=\"attachment-large size-large\" alt=\"\" srcset=\"https:\/\/aloeste.com.br\/2023\/wp-content\/uploads\/2023\/11\/Clientes11A.png 1001w, https:\/\/aloeste.com.br\/2023\/wp-content\/uploads\/2023\/11\/Clientes11A-300x195.png 300w, https:\/\/aloeste.com.br\/2023\/wp-content\/uploads\/2023\/11\/Clientes11A-768x499.png 768w\" sizes=\"(max-width: 1001px) 100vw, 1001px\" \/>\n\t\t\t<\/div><\/figure><figure class='gallery-item'>\n\t\t\t<div class='gallery-icon landscape'>\n\t\t\t\t<img loading=\"lazy\" decoding=\"async\" width=\"1000\" height=\"651\" src=\"https:\/\/aloeste.com.br\/2023\/wp-content\/uploads\/2023\/11\/Clientes12A.png\" class=\"attachment-large size-large\" alt=\"\" srcset=\"https:\/\/aloeste.com.br\/2023\/wp-content\/uploads\/2023\/11\/Clientes12A.png 1000w, https:\/\/aloeste.com.br\/2023\/wp-content\/uploads\/2023\/11\/Clientes12A-300x195.png 300w, https:\/\/aloeste.com.br\/2023\/wp-content\/uploads\/2023\/11\/Clientes12A-768x500.png 768w\" sizes=\"(max-width: 1000px) 100vw, 1000px\" \/>\n\t\t\t<\/div><\/figure><figure class='gallery-item'>\n\t\t\t<div class='gallery-icon landscape'>\n\t\t\t\t<img loading=\"lazy\" decoding=\"async\" width=\"1001\" height=\"651\" src=\"https:\/\/aloeste.com.br\/2023\/wp-content\/uploads\/2023\/11\/Clientes13A.png\" class=\"attachment-large size-large\" alt=\"\" srcset=\"https:\/\/aloeste.com.br\/2023\/wp-content\/uploads\/2023\/11\/Clientes13A.png 1001w, https:\/\/aloeste.com.br\/2023\/wp-content\/uploads\/2023\/11\/Clientes13A-300x195.png 300w, https:\/\/aloeste.com.br\/2023\/wp-content\/uploads\/2023\/11\/Clientes13A-768x499.png 768w\" sizes=\"(max-width: 1001px) 100vw, 1001px\" \/>\n\t\t\t<\/div><\/figure><figure class='gallery-item'>\n\t\t\t<div class='gallery-icon landscape'>\n\t\t\t\t<img loading=\"lazy\" decoding=\"async\" width=\"1001\" height=\"651\" src=\"https:\/\/aloeste.com.br\/2023\/wp-content\/uploads\/2023\/11\/Clientes14A.png\" class=\"attachment-large size-large\" alt=\"\" srcset=\"https:\/\/aloeste.com.br\/2023\/wp-content\/uploads\/2023\/11\/Clientes14A.png 1001w, https:\/\/aloeste.com.br\/2023\/wp-content\/uploads\/2023\/11\/Clientes14A-300x195.png 300w, https:\/\/aloeste.com.br\/2023\/wp-content\/uploads\/2023\/11\/Clientes14A-768x499.png 768w\" sizes=\"(max-width: 1001px) 100vw, 1001px\" \/>\n\t\t\t<\/div><\/figure><figure class='gallery-item'>\n\t\t\t<div class='gallery-icon landscape'>\n\t\t\t\t<img loading=\"lazy\" decoding=\"async\" width=\"1001\" height=\"651\" src=\"https:\/\/aloeste.com.br\/2023\/wp-content\/uploads\/2023\/11\/Clientes15A.png\" class=\"attachment-large size-large\" alt=\"\" srcset=\"https:\/\/aloeste.com.br\/2023\/wp-content\/uploads\/2023\/11\/Clientes15A.png 1001w, https:\/\/aloeste.com.br\/2023\/wp-content\/uploads\/2023\/11\/Clientes15A-300x195.png 300w, https:\/\/aloeste.com.br\/2023\/wp-content\/uploads\/2023\/11\/Clientes15A-768x499.png 768w\" sizes=\"(max-width: 1001px) 100vw, 1001px\" \/>\n\t\t\t<\/div><\/figure>\n\t\t<\/div>\n\t\t<\/div>\n\t\t\t\t\t\t<\/div>\n\t\t\t\t<\/div>\n\t\t\t\t\t<\/div>\n\t\t<\/div>\n\t\t\t\t\t<\/div>\n\t\t<\/section>\n\t\t\t\t<section class=\"elementor-section elementor-top-section elementor-element elementor-element-e561a71 elementor-section-boxed elementor-section-height-default elementor-section-height-default\" data-id=\"e561a71\" data-element_type=\"section\" data-e-type=\"section\">\n\t\t\t\t\t\t<div class=\"elementor-container elementor-column-gap-default\">\n\t\t\t\t\t<div class=\"elementor-column elementor-col-100 elementor-top-column elementor-element elementor-element-13e3f57\" data-id=\"13e3f57\" data-element_type=\"column\" data-e-type=\"column\">\n\t\t\t<div class=\"elementor-widget-wrap elementor-element-populated\">\n\t\t\t\t\t\t<div class=\"elementor-element elementor-element-94e5fcc elementor-widget elementor-widget-heading\" data-id=\"94e5fcc\" data-element_type=\"widget\" data-e-type=\"widget\" data-widget_type=\"heading.default\">\n\t\t\t\t<div class=\"elementor-widget-container\">\n\t\t\t\t\t<p class=\"elementor-heading-title elementor-size-default\"><a href=\"https:\/\/aloeste.com.br\/2023\/\">\u23ce VOLTAR<\/a><\/p>\t\t\t\t<\/div>\n\t\t\t\t<\/div>\n\t\t\t\t\t<\/div>\n\t\t<\/div>\n\t\t\t\t\t<\/div>\n\t\t<\/section>\n\t\t\t\t<section class=\"elementor-section elementor-top-section elementor-element elementor-element-318b74f elementor-section-boxed elementor-section-height-default elementor-section-height-default\" data-id=\"318b74f\" data-element_type=\"section\" data-e-type=\"section\">\n\t\t\t\t\t\t<div class=\"elementor-container elementor-column-gap-default\">\n\t\t\t\t\t<div class=\"elementor-column elementor-col-100 elementor-top-column elementor-element elementor-element-50f5590\" data-id=\"50f5590\" data-element_type=\"column\" data-e-type=\"column\">\n\t\t\t<div class=\"elementor-widget-wrap elementor-element-populated\">\n\t\t\t\t\t\t<div class=\"elementor-element elementor-element-4b4f165 elementor-widget elementor-widget-spacer\" data-id=\"4b4f165\" data-element_type=\"widget\" data-e-type=\"widget\" data-widget_type=\"spacer.default\">\n\t\t\t\t<div class=\"elementor-widget-container\">\n\t\t\t\t\t\t\t<div class=\"elementor-spacer\">\n\t\t\t<div class=\"elementor-spacer-inner\"><\/div>\n\t\t<\/div>\n\t\t\t\t\t\t<\/div>\n\t\t\t\t<\/div>\n\t\t\t\t\t<\/div>\n\t\t<\/div>\n\t\t\t\t\t<\/div>\n\t\t<\/section>\n\t\t\t\t<\/div>\n\t\t","protected":false},"excerpt":{"rendered":"<p>Nossos clientes Bem-vindo \u00e0 se\u00e7\u00e3o de Clientes da Panelas JR, onde compartilhamos o prazer de vender produtos de qualidade. Convidamos voc\u00ea a conhecer as Panelas JR e experimentar a satisfa\u00e7\u00e3o de oferecer produtos excepcionais aos seus clientes. \u23ce VOLTAR<\/p>\n","protected":false},"author":1,"featured_media":0,"parent":0,"menu_order":0,"comment_status":"closed","ping_status":"closed","template":"","meta":{"footnotes":""},"class_list":["post-5448","page","type-page","status-publish","hentry"],"_links":{"self":[{"href":"https:\/\/aloeste.com.br\/2023\/wp-json\/wp\/v2\/pages\/5448","targetHints":{"allow":["GET"]}}],"collection":[{"href":"https:\/\/aloeste.com.br\/2023\/wp-json\/wp\/v2\/pages"}],"about":[{"href":"https:\/\/aloeste.com.br\/2023\/wp-json\/wp\/v2\/types\/page"}],"author":[{"embeddable":true,"href":"https:\/\/aloeste.com.br\/2023\/wp-json\/wp\/v2\/users\/1"}],"replies":[{"embeddable":true,"href":"https:\/\/aloeste.com.br\/2023\/wp-json\/wp\/v2\/comments?post=5448"}],"version-history":[{"count":13,"href":"https:\/\/aloeste.com.br\/2023\/wp-json\/wp\/v2\/pages\/5448\/revisions"}],"predecessor-version":[{"id":5464,"href":"https:\/\/aloeste.com.br\/2023\/wp-json\/wp\/v2\/pages\/5448\/revisions\/5464"}],"wp:attachment":[{"href":"https:\/\/aloeste.com.br\/2023\/wp-json\/wp\/v2\/media?parent=5448"}],"curies":[{"name":"wp","href":"https:\/\/api.w.org\/{rel}","templated":true}]}}